). Let t = -333 + m. What is the tens digit of t?
7
Let b(y) = 4*y**2 - 2*y + 5*y + 0*y**2 - 2*y**2 + 236. What is the hundreds digit of b(0)?
2
Let g(n) = n**3 + 3*n**2 + 7*n + 4. Let d be g(-2). Let r(c) = 2*c**2 - c - 1. What is the tens digit of r(d)?
7
Suppose 3*x + t - 3*t = 19, -3*t = 2*x - 17. Suppose -3*o - 396 = -x*o. What is the tens digit of o?
9
Let v(h) = 5 + 2 + 8 - 376*h - 27 - 42. What is the units digit of v(-4)?
0
Suppose -10*n = 1649 - 6249. Suppose 0 = 4*r - 8*r + n. What is the hundreds digit of r?
1
Let i(w) = -31*w + 45. Let g be i(-23). Suppose 0 = n - 2*o - 142, g = 5*n - 0*n + 2*o. Let c = n + -48. What is the units digit of c?
2
Let r(u) = -u + 3. Let i be r(-2). Suppose -v - i*v + 24 = 0. Suppose 3*k = 5*z - 367, -k + 331 = v*z + 51. What is the tens digit of z?
7
Suppose -7*x - 76068 = 1516*i - 1519*i, -4*i = -4*x - 101440. What is the hundreds digit of i?
3
Let d(h) = -4*h**3 - 159*h**2 + 632*h + 39. What is the thousands digit of d(-44)?
5
Let h be 12 + -8 + 1*-7. What is the hundreds digit of 8 + h - (-8 - 607)?
6
Let h(x) = 27*x**2 - 400*x + 49. What is the tens digit of h(28)?
1
Suppose 1082 + 934 = -6*u. Let i = 708 + u. What is the hundreds digit of i?
3
Suppose -52*p + 55*p + d = 46321, -p = 3*d - 15435. What is the thousands digit of p?
5
Suppose -4*s = 5*v - 595 + 231, 242 = 3*s - 4*v. What is the tens digit of (13459/s)/(2/12)?
3
Let x(c) = -3*c**3 - 13*c**2 + 6*c - 5. Suppose 0 = 6*q - 383 + 155. Suppose 0*a + 4*a = -20, -4*a - q = 3*o. What is the units digit of x(o)?
9
Suppose -4*n + 0*i - 1 = -i, 0 = -3*n - 4*i + 23. Let k(y) = 678*y**3 + 4*y**2 - 4*y + 2. What is the units digit of k(n)?
0
Suppose 4*q - 16164 = -2*i, -19*q + 24246 = -13*q + 5*i. What is the units digit of q?
1
Suppose -30*m + 13182 = 9*m. Let p = 1142 - m. What is the units digit of p?
4
Let c(o) = -o + 10. Let v be c(7). Suppose -9 + 3 = v*d. What is the tens digit of 9 - 35/(-7) - (1 + d)?
1
Let j = 151 - -180. Let u = 813 - j. What is the units digit of u?
2
Let w(x) = -38*x. Let n(q) = -3*q - 55. Let g be n(-14). What is the units digit of w(g)?
4
Suppose -3*n = -4*l + 362, -2*n + 350 = 4*l + n. Let i = 245 + l. What is the units digit of i?
4
Let k(z) = -5*z**3 + 4*z**2 + 6*z - 7. Let o be k(-6). Suppose 3*l = 62 - o. Let c = -245 - l. What is the tens digit of c?
2
Let q be (-3 - 1917)*(1 - 3). Suppose q = -r - 5*t, -2*r + 9*t - 7680 = 5*t. What is the units digit of r/100*(-10)/3?
8
Let u = 314 + -143. Suppose v - 3*h - u = 0, h = v + 72 - 239. Suppose -16 = t - w - v, 4*w = -2*t + 310. What is the units digit of t?
1
Suppose 0 = 3*i - 11*p + 15*p - 21089, -7018 = -i + p. What is the hundreds digit of i?
0
Suppose -3*r = -1144 - 122. Let z = r + 174. What is the tens digit of z?
9
Let f(y) = -y**3 + 7*y**2 - 66*y + 435. What is the hundreds digit of f(-34)?
0
Suppose 3*a + 2*a + 2085 = 0. Let x be 3 + ((-12)/(-18))/((-2)/a). Suppose -15 = 3*i, 4*i + x = -0*p + 2*p. What is the tens digit of p?
6
Let c = -1233 + 1272. What is the units digit of c?
9
Let a be (-20)/60*0/(-1). What is the units digit of ((-2)/4)/((-1)/116 + a)?
8
Let c(o) = 130*o - 686. What is the tens digit of c(24)?
3
Suppose 0 = 53*q - 50*q - 9. Suppose 8*w - q*w = -n + 501, n = 4*w - 408. Let s = -38 + w. What is the tens digit of s?
6
Let k(j) = -2*j**2 - 34 + 33*j + j**2 - 27. Let n be 6*(-8)/12 + 25. What is the tens digit of k(n)?
9
Let c(s) = -s**3 - 6*s**2 - 4*s - 7. Let r be c(-6). Suppose -14*d + r = -25. Suppose -d*x + 6*x - 390 = 0. What is the units digit of x?
0
Let v(x) = x + 21. Suppose 5*o - 5*t - 15 = 0, -4*o + 8*t - 3*t + 15 = 0. Let z be v(o). Let i = 33 - z. What is the units digit of i?
2
Let r be (200148/8)/(-13)*(-2)/3. Let c = r + -907. Suppose -c = -4*a + 88. What is the units digit of a?
6
Suppose 14*m + 248 + 662 = 0. Let d = m - -155. Suppose 7 = 3*n - 2*o - 45, -d = -5*n + 5*o. What is the units digit of n?
6
Let y(u) = -24*u**3 - 1. Let o(r) = -r**2 + r. Let z(a) = -4*a**2 + 7*a - 2. Let t(i) = 5*o(i) - z(i). Let b be t(-3). What is the units digit of y(b)?
3
Let u be (2/6 - (-15)/(-18))*4412. Let r = u + 3646. What is the thousands digit of r?
1
Suppose 9 = 2*a - 23. Let p = 19 - a. What is the units digit of 24/((-1)/p*18/(-16))?
4
Let l be (-5)/(-15)*3 + 3. Let h(p) = -p**2 + 8*p + 11. Let u be h(9). Suppose -l*c = 16, u*c = 2*k + 5*c - 240. What is the tens digit of k?
2
Let f = -60742 - -91145. What is the hundreds digit of f?
4
What is the units digit of 6/(-24)*1150*(-148 + (-3 - -5))?
5
Let p(t) = -4*t + 11. Let q be p(2). Let c(n) = n + 0 - q + 9 + 6*n**2. What is the tens digit of c(5)?
6
Suppose -95*q = -99*q + 432. What is the units digit of 2/(-6) + 43452/q?
2
Let a(c) = c**3 - 7*c + 1. Let m be a(-5). Let s = 35 + m. Let x = 2 - s. What is the tens digit of x?
5
Let g be (-6)/4*(-8 - (-30)/9). Suppose 5*n + g*n = 3468. What is the hundreds digit of n?
2
Let u be 18/405*9 - (-68)/(-20). What is the units digit of -646*(26/(-52) + u + 2)?
9
Let c be ((-54)/(-81))/((-4)/(-30)). What is the tens digit of 80 - (-5 - (c + -11))?
7
Let t(a) = a**3 + 7*a**2 - 10*a - 10. Suppose 4*h + 19 = 5*r, 3*h - 2*r + 17 = -r. Let b(n) = -n. Let v(l) = h*b(l) + t(l). What is the tens digit of v(-5)?
6
Let z = -488 - -518. Let x(p) = p**2 - 13*p + 16. What is the tens digit of x(z)?
2
Let z(t) = 305*t**2 + 4*t - 5. Let x be z(1). Suppose 5*w = w + x. What is the tens digit of (-2)/(-1) - (-19)/(w/80)?
2
Let q(n) = n**3 - 18*n**2 + 17*n + 4. Let m be q(17). Suppose 5*k - 5689 = -m*h, 3*h = -2*k + 392 + 1878. What is the tens digit of k?
4
Let j(u) be the third derivative of u**6/120 - 7*u**5/60 + 7*u**4/24 - 3*u**3/2 - 21*u**2. Let x = 157 - 148. What is the units digit of j(x)?
6
Suppose -16 = -4*o + 4*q, -5*q = 3*o - 0*o + 4. Suppose 22 = 3*j + 7*b - 5*b, -5*j + 24 = -3*b. Suppose o*h - 288 = -j*h. What is the tens digit of h?
3
Let d(b) = 43*b**2 + 8*b + 7. Let y be d(-1). Let p = 94 + y. What is the tens digit of p?
3
Suppose -889 = -6*n - n. Let d = -67 + n. Suppose -63*v + 645 = -d*v. What is the hundreds digit of v?
2
Suppose 10*b - 33 = -3. Suppose 0 = -3*i + 2*j + 706, b*j + j = 5*i - 1178. What is the tens digit of i?
3
Let w(s) = -58*s + 960. What is the hundreds digit of w(-31)?
7
Suppose -3 = 3*m, 2*b + 0*b - 66 = 2*m. Suppose b*i - 27*i - 3940 = 0. What is the units digit of i?
8
Let k(f) = -f**2 - 3*f + 12. Let t be k(-5). Suppose 300 = t*m - 5*m. Let d = 234 + m. What is the tens digit of d?
3
Let m be (1 - 6)*(-126)/90. Let p(a) = 42*a + 78. What is the tens digit of p(m)?
7
Suppose 26*y = 3*g + 31*y - 40670, -5*g - 5*y = -67780. What is the units digit of g?
5
Let c = -8086 + 12974. What is the hundreds digit of c?
8
Let j(h) = 12257 - 12269 - 3*h**2 - 38*h + h**2. What is the tens digit of j(-15)?
0
Suppose 2*x - 296 = -t, -5*x + 10*x - 727 = 4*t. Suppose 0 = -x*g + 138*g + 1476. What is the hundreds digit of g?
1
Suppose 0 = -10*s - 746 + 5276. Let u = s - -324. What is the units digit of u?
7
Let p be (-13)/(0 - 1) - (3 + -6). Let y be 8/(-12)*4/(p/(-30)). Suppose y*d - 275 - 185 = 0. What is the units digit of d?
2
Let j = -461 - -712. What is the units digit of (j - 245)*(-2)/(-2)*206?
6
Let q(r) = -3*r - 10. Let d be q(-4). Let v(i) = -1 - 1 - 1 + d*i - 18*i. What is the tens digit of v(-4)?
6
Let q(x) = 1854*x**2 - 101*x + 207. What is the units digit of q(2)?
1
Let p(v) = 1121*v + 945. What is the thousands digit of p(5)?
6
Let y(o) = 78*o - 8. Let w(t) = -26*t + 3. Let g(p) = 8*w(p) + 3*y(p). Let l(r) = 38*r - 529. Let m be l(14). What is the units digit of g(m)?
8
Let b(w) = -2*w + 86. Let v be b(41). Let a(q) = 44*q - 95. What is the tens digit of a(v)?
8
What is the thousands digit of (-30977)/(-1) + 588/(-196)?
0
Let c(a) = 3*a - 36. Let k be c(13). Suppose k*m - 27*m + 3120 = 0. What is the tens digit of m?
3
Suppose 3*r = 4*h + 64406, r - h - 13911 - 7556 = 0. What is the units digit of r?
2
Suppose -45*c + 41*c + 1104 = 0. Let m = c - 101. What is the units digit of m?
5
Let f = 4045 + -2409. Suppose 0 = -13*t + 9*t + f. What is the hundreds digit of t?
4
Let t(h) = h**3 - 6*h**2 - 7*h + 4. Let y = 50 - 43. Let j be t(y). What is the tens digit of (-3*(-6)/45)/(j/340)?
3
Suppose 0 = 2*t - 8, -2*f +